24. Let c be l(-15). Suppose 2*q + 96 = c. What is the greatest common factor of 30 and q?
30
Suppose -19*c + 20*c = 3. Suppose 5*t = 4*b - 1050, -c*t = -4*b + 1573 - 519. Calculate the highest common divisor of 53 and b.
53
Let d be ((-8)/5)/(-2)*5. Suppose -2*y = -d*a + 56, -72 = -4*a - a + 3*y. Calculate the highest common divisor of a and 48.
12
Suppose -k - 5*d + 19 = 36, -4*d = -4*k + 28. Calculate the highest common factor of 96 and k.
3
Let n = -8248 - -8258. Suppose 3*r - 408 = -2*r - 4*m, -3*m = -r + 74. Let u = r - 30. Calculate the highest common factor of u and n.
10
Suppose 0 = -5*o + 33 + 37. Suppose 152*c - 126 = 151*c. What is the highest common divisor of o and c?
14
Let i be 81 + (3 - 2)*-1. Let p = i - 36. Calculate the greatest common factor of p and 110.
22
Let k(c) = -8*c**3 - c**2 - 3*c + 5. Let r be k(-2). Calculate the greatest common factor of 497 and r.
71
Let q = -4 + 8. Suppose -3*g = 3*f, 0 = -2*f + q*f + 8. Suppose -5*w + 2*w - g*j + 4 = 0, 3*w - 5*j = 22. Calculate the highest common factor of w and 44.
4
Let q be (4 - -1) + -2 + 1. Suppose 5*x - 68 = -2*v, 0 = -3*v + v - q*x + 70. Let u be (-12)/6 + 5 - -10. Calculate the greatest common divisor of v and u.
13
Let r(u) = -10*u + 75. Let o be r(-25). What is the greatest common divisor of o and 13?
13
Let z(c) = c**3 - 7*c**2 + 2*c + 3. Let a be z(7). Let y(r) = 68*r. Let t be y(5). Let d = t - 170. What is the greatest common factor of d and a?
17
Let a = 1478 + -1410. What is the highest common divisor of a and 34?
34
Let v be ((-5)/(-10))/((-2)/(-20)). Let y = -11 + 19. Suppose w + 0 = u + y, w - v*u - 12 = 0. What is the greatest common divisor of 14 and w?
7
Let y(n) = 3*n**2 + 7*n - 12. Let t be y(-12). Suppose 2*h - t = h. Let c be (3/4)/(2/h). What is the highest common divisor of 14 and c?
14
Let b(d) be the first derivative of -3*d**2/2 + 30*d + 33. Let a be b(0). Calculate the greatest common factor of a and 150.
30
Suppose -5*i + 406 + 74 = 0. Let k = i + -64. What is the greatest common factor of k and 16?
16
Let f be (-12)/3 - (-27 - -7). Let q(o) = -o**2 + 22*o - 14. Let d be q(f). Let v = 30 + d. What is the highest common factor of v and 28?
28
Suppose 3*f + 13 = 7. Let z(c) = c**3 + 4*c**2 + c + 4. Let d be z(f). What is the greatest common divisor of 10 and d?
10
Let k(f) = 30*f + 336. Let w be k(-9). Calculate the greatest common factor of 363 and w.
33
Suppose 150 = -5*k + 2*p, 102 = -3*k - 2*p + 12. Let y = k + 37. Suppose 0 = -3*x - 15, 6*a - 3*a + 3*x - 48 = 0. What is the highest common divisor of a and y?
7
Let m(l) = -6 + 8*l - 7*l - 1. Let p be m(7). Suppose -2*c + 34 + 116 = p. Calculate the greatest common factor of c and 30.
15
Let v(g) be the second derivative of -3*g**5/10 - g**4/6 - 5*g**3/6 - 5*g**2/2 + 16*g. Let m be v(-2). What is the highest common divisor of 30 and m?
15
Suppose -20 = -w - 4*w. Suppose 175 = -5*u - r - 6, -128 = w*u + 5*r. Let x = -36 - u. What is the highest common divisor of 9 and x?
1
Suppose -14*w + 40*w = 468. Calculate the highest common divisor of 522 and w.
18
Suppose 3*j = -2*v - 2*j - 22, -j = 2*v + 6. Let l = -4 - -5. Let y be -3*(v - l - 2). Calculate the highest common factor of 48 and y.
12
Let n = 372 + -174. Suppose 0 = -q + 18 - 0. Calculate the greatest common divisor of n and q.
18
Let u(m) = -m**3 + 31*m**2 + 4*m - 25. Let z be u(31). Calculate the greatest common factor of z and 132.
33
Let m = 6 - 2. Suppose 2*l + m*c = 388, 960 = 4*l + l + 5*c. Suppose -o + 18 = -k - 4, 3*o = -4*k + 45. Calculate the greatest common divisor of o and l.
19
Let r be (-216)/((-26)/104 - 5/4). What is the greatest common factor of r and 144?
144
Suppose -4*u = -3*r - 13, 2*u - 3*r - 4 = 7. Suppose 2 = -a + u, -o = -2*a - 26. Calculate the highest common divisor of o and 36.
12
Suppose 0 = -5*h - 2*g - g + 359, 3*h = -2*g + 215. Suppose 4*s + y + 27 - h = 0, -y - 53 = -5*s. What is the greatest common factor of s and 121?
11
Let i(o) = -o**2 - 16*o - 9. Let p be i(-12). Calculate the highest common divisor of p and 351.
39
Let g = 90 - 48. What is the highest common divisor of 14 and g?
14
Let d be -9*3/9 + 4. Calculate the greatest common divisor of 26 and d.
1
Let k = 34 - 32. Let a be (k*-1)/(25/(-250)). Calculate the greatest common factor of 60 and a.
20
Let g(h) = h**3 - 8*h**2 - 11*h - 5. Let v be g(10). Let r = 20 + -3. Calculate the greatest common divisor of v and r.
17
Let l be ((-98)/35)/((-10)/75*3). What is the highest common divisor of l and 63?
7
Let u = 133 - 110. What is the highest common divisor of u and 1?
1
Let c(r) = 5*r + 21. Let u be c(-9). Let l be (u/(-16))/(2/60). What is the highest common divisor of l and 9?
9
Let l be ((-198)/5)/((-18)/45). What is the highest common factor of 165 and l?
33
Let i be ((-1 + 2)*32)/((-41)/(-82)). What is the greatest common factor of i and 160?
32
Let n(u) = 14*u**2 + u - 4. Let b(w) = w**3 - 5*w**2 + 2*w + 6. Let j be b(4). Let m be n(j). What is the highest common factor of 10 and m?
10
Let d be 8*((-6)/57 + (-1225)/(-266)). What is the greatest common divisor of d and 396?
36
Let j(y) = 96*y + 152. Let d be j(2). What is the highest common divisor of 16 and d?
8
Suppose 0 = -3*j + 13*j - 40. Suppose -j*g + 0*g = -q, 40 = 3*q - 2*g. Calculate the greatest common divisor of q and 208.
16
Suppose -3022 = -19*m - 932. What is the highest common divisor of 30 and m?
10
Suppose 232 = 23*c - 550. Calculate the highest common divisor of 238 and c.
34
Suppose -k = -5 + 3. Let v be k + (-3 - -4) + 1. Suppose -v*x + x + 27 = 0. Calculate the highest common factor of x and 3.
3
Suppose 9 - 24 = -3*o, 4*o - 116 = -4*p. Let b(a) = -9*a**2 - 4*a + 15*a**2 - a**3 - 3 + 1. Let n be b(5). Calculate the highest common divisor of n and p.
3
Let h be (2/(-4))/((-2)/(-64) + 0). Let a = h + 22. Calculate the greatest common factor of a and 12.
6
Suppose 4*z = 4*r + z - 35, 25 = 2*r - 3*z. Suppose -3*t - 25 - 20 = -2*i, -r*t = -3*i + 70. What is the highest common divisor of 150 and i?
15
Suppose 4*d = -4*m + 492, -2*d + m = 2*m - 249. Calculate the highest common factor of d and 84.
42
Suppose 0 = -14*y + 20*y - 36. Suppose 0 = u + 4*t - y, 11*u = 12*u - 2*t - 36. Calculate the highest common divisor of u and 104.
26
Let g be (-5 + 3)/(-2)*7. Suppose -4*a = -5*a + g. Let k be ((-2)/6)/(7/(-1617)). What is the highest common factor of k and a?
7
Let v = -19 - -22. Suppose 5*q + o - 84 = 52, -3*q + v*o = -78. Let k be (-9)/(q/(-6)) - -5. What is the greatest common divisor of 7 and k?
7
Suppose 0 = -f - 4*f + 160. Calculate the highest common divisor of 96 and f.
32
Let q(a) = 12*a + 2. Let i be q(3). Let c(j) = 5*j**2 + 5*j - 18. Let s be c(-9). Calculate the greatest common divisor of s and i.
38
Let n be (-21)/(-1) - (-1 + (-4)/(-4)). Suppose -n = -0*j - 3*j. Calculate the highest common factor of j and 49.
7
Suppose -3923 = -23*s + 7117. What is the greatest common divisor of s and 96?
96
Let n be (-5)/(-1) - (-36 + 28). Calculate the greatest common factor of 26 and n.
13
Suppose -15 = -6*l + l. Suppose -l*o + 4*o = 26. Let h(u) = -2*u + 22. Let r be h(-15). What is the greatest common factor of r and o?
26
Let h = -221 - -921. Suppose -3*b - h = -5*b. Suppose 35 = m - 0*m. Calculate the greatest common divisor of b and m.
35
Let s be -365 + 3 + -2 - -4. Let x = s + 688. Let b be 6/21 - x/(-28). What is the highest common factor of b and 12?
12
Suppose -32*s = -36*s + 16. Suppose -155 = -4*m - 27. What is the greatest common divisor of s and m?
4
Let r be (-5)/(-10)*8 - (-3661)/7. Calculate the greatest common divisor of r and 62.
31
Let z(i) = 2*i**2 + 6*i - 7. Let c be z(-5). Calculate the greatest common factor of 104 and c.
13
Suppose -h - 2*c - 4 = 0, c = 2 - 5. Suppose 0 = -4*s + 26 - 2. Calculate the highest common factor of h and s.
2
Suppose 2*l = -4, 0 = -4*j + 6*l - 2*l + 32. Let r be -2*((-20)/3)/(j/18). Calculate the highest common factor of r and 8.
8
Suppose 0 = -3*f + 12, -3*b = b - 5*f - 112. Let y = 37 - b. Calculate the highest common divisor of y and 6.
2
Let x(n) = 4*n**3 - 2*n**2 - n + 4. Let q be x(3). Let w(a) = 3*a**2 - 3*a - 5. Let k = 11 - 8. Let m be w(k). What is the highest common divisor of q and m?
13
Let b(d) = -d**2 - 13*